. What are the prime factors of x?
5, 7
List the prime factors of ((-212)/6)/(4/(-6)).
53
Suppose 5*u = 5*g - 0*g + 140, g + 128 = 5*u. List the prime factors of u.
5
List the prime factors of (3 + 3/3)*(-121)/(-44).
11
Let b be -3 - -1*(0 + 32). Let f = b - 11. Suppose -7 = -2*u - 5*q - 2, 4*u + 2*q - f = 0. What are the prime factors of u?
5
Suppose w - 21 = -2*g, 5*w - 33 = -2*g - 0*w. Suppose 1 = -2*o + g. Suppose 3*j - o*n = 31, -5*j + 0*j = -3*n - 48. What are the prime factors of j?
3
Let j(a) = -4*a - 1. What are the prime factors of j(-1)?
3
Let r = 8 - 8. Suppose -u + r*u = -5. List the prime factors of u.
5
Suppose -3*u + 820 = 2*u. What are the prime factors of u?
2, 41
Suppose -4*f + 396 = 2*l, l - 3*f = 3*l - 394. What are the prime factors of l?
2, 97
Let k = 12 - 7. Suppose k*d - 16 = d. List the prime factors of d.
2
List the prime factors of 0 + -2 + 38 + 0.
2, 3
Let g(x) = -x**2 - 5*x + 3. Let t be g(-5). Suppose a - 15 = t. List the prime factors of a.
2, 3
Suppose 0*p = 2*p - q - 5, 5 = -3*p - q. Suppose p*o + 77 = 4*o + c, -3*o + 45 = 5*c. What are the prime factors of o?
2, 5
Suppose -4*h + 47 - 5 = 3*w, -56 = -4*w - 3*h. What are the prime factors of w?
2, 7
Suppose -2*o + 6 = o. Let c = 10 + o. List the prime factors of c.
2, 3
Let i be (0/1 + 1)*0. Suppose i*n - n + 10 = 0. What are the prime factors of n?
2, 5
Let z be (-1)/(3/2 - 1). Let s = z + 5. What are the prime factors of s?
3
Let b be -6*(-4 - (-3 + -2)). List the prime factors of (b/4)/((-21)/224).
2
Let g = -649 + 947. What are the prime factors of g?
2, 149
Let h = -14 - -20. Let d be (-3)/h*(1 + 11). Let i(p) = -p - 1. List the prime factors of i(d).
5
Let x(h) = -40*h + 4. Let f be x(-5). Suppose 5*t - 3*c - f = 0, 7*t - 4*c = 4*t + 129. What are the prime factors of t?
3, 13
Let o be 12/(4 + -7) - 30. What are the prime factors of o/(-10) + (-15)/(-25)?
2
Suppose 5*b - 961 = 639. List the prime factors of b.
2, 5
Let h(l) = l**3 - 11*l**2 - 16*l - 16. List the prime factors of h(13).
2, 3, 19
Let n(d) = -d**2 + 10*d - 3. Let j(g) = 2*g**2 - 21*g + 6. Let k(h) = -2*j(h) - 5*n(h). List the prime factors of k(8).
3
Suppose v = -q + 31, 5*q - 148 = v + v. What are the prime factors of q?
2, 3, 5
Let o = 36 + 8. List the prime factors of o.
2, 11
Suppose -5*u + 5*s + 75 = 0, u - 2*s = 2*s + 9. List the prime factors of u.
17
Suppose 5*o = 4*m - 3*m + 189, -5*o + 5*m + 185 = 0. Suppose -5*s = -o - 62. Let y = -8 + s. List the prime factors of y.
2, 3
Let z = -1 + 3. Suppose 0 = -2*h + 6 + z. Suppose -j - 14 = -h*l, -5*j + 45 = -0*j + 3*l. What are the prime factors of j?
2, 3
Let b(i) = -i**2 + 3*i + 4. List the prime factors of b(3).
2
Let g(x) = -x - 6. Let n be g(-6). Suppose -4*l + 25 = l, 3*y - l - 22 = n. List the prime factors of y.
3
What are the prime factors of 658/8 + -2 + (-11)/(-4)?
83
Let m(u) = -4*u - 2. Let t(s) = 3*s + 2. Let b(n) = 4*m(n) + 5*t(n). Let i be b(2). Suppose 2*f - 24 = -i*f. What are the prime factors of f?
2, 3
Let f = -1 - 5. Let n(k) = -k + 5. What are the prime factors of n(f)?
11
Let j be 48/21 - (-6)/(-21). Suppose -2 = 5*w - 17, 0 = 2*d - j*w + 2. Suppose -30 = -2*f + r - 3*r, d*f - 12 = 4*r. What are the prime factors of f?
2, 3
List the prime factors of (13 - -42) + -2*(-3)/(-2).
2, 13
List the prime factors of ((-6)/1*(1 - 29))/1.
2, 3, 7
Let o(i) = -i**3 - 3*i**2 - 3*i. Let d be 16/(-9) + (-4)/18. Let b be o(d). Suppose b*n - 17 = -5. List the prime factors of n.
2, 3
Suppose -g + 2*g - 2*i - 46 = 0, g - 48 = 3*i. Suppose -18 = -5*h + g. List the prime factors of h.
2, 3
Suppose 0*v = -3*v + 150. Suppose -3*q + 5*q = v. List the prime factors of q.
5
What are the prime factors of 6/(-2 - 21/(-6))?
2
Suppose -2*b - 2*b = 0. What are the prime factors of 0 + 11 + 3 + b?
2, 7
Let n(r) = r**3 + 6*r**2 + 4*r. Let i be n(-4). Let v(z) = -z**3 - z - 2. Let b be v(-3). Let p = b - i. What are the prime factors of p?
2, 3
Suppose -3*g = -4*g. Suppose -3*q + 15 = g, -q - 132 = -3*v - 4*q. What are the prime factors of v?
3, 13
Suppose 0*r - r = -4. Suppose 3*y - 14 = -4*t + 2*t, 6 = 3*y. Suppose t*x - 20 = 2*c - 4*c, 0 = -3*c - r*x + 22. List the prime factors of c.
2
Let i be 3 - 1 - 2/1. Suppose 0 = -f - i*f + 13. Let y = 23 - f. List the prime factors of y.
2, 5
Let r = 16 + -23. Suppose -54 = -4*q + 3*b, -3*b + 3 = -3. Let i = r + q. List the prime factors of i.
2
Suppose -6*t = -2*t - 8. Suppose 0 = 3*q + t*q - 75. List the prime factors of q.
3, 5
Let z(t) be the second derivative of -2*t**3 + 2*t. Suppose -4*f + 5*f + 1 = 0. List the prime factors of z(f).
2, 3
Let c = -10 + 8. Let h = c + 7. What are the prime factors of h?
5
Let g be ((-8)/2)/(-2 + 0). Suppose 0 = -l - k + 14, g*l - 18 = -l + 3*k. Let i = l - 2. List the prime factors of i.
2
Let r(o) = -1. Let c(p) = p + 5. Let z = 5 - 4. Let v(g) = z*c(g) - 6*r(g). What are the prime factors of v(-8)?
3
Let q = 810 + -555. What are the prime factors of q?
3, 5, 17
Suppose 3*k - 22 + 7 = 0. Let l = 9 - k. Suppose -2*y = -x, y = -l*x + 5*y + 12. List the prime factors of x.
2, 3
Suppose -k - 62 = -3*k. Suppose 3*f + n + 1 = 0, 0*n + 5*n = 3*f + k. What are the prime factors of 13/2*f*-1?
13
Suppose -10 - 23 = -3*k. What are the prime factors of 11/(-2)*(k - 13)?
11
Let y(p) = p**3 - 4*p**2 + 3*p + 3. Let v be y(3). Suppose v*b - 9 = 2*b. List the prime factors of b.
3
Let t(v) = -v**3 - 9*v**2 - 8*v + 6. Let p be t(-8). Suppose -3*r - 4*u = -104 - 46, -3*r + 150 = -u. Suppose w + r = p*w. List the prime factors of w.
2, 5
Let s be 0 - (-1 + -1 + -20). Suppose 4*i + 2 = 5*i. What are the prime factors of (4/i)/(4/s)?
11
Let t be -4*(0/1 + -1). Let z(g) = -2*g**3 + g**2 - 10*g - 9. Let m(f) = -f**3 + f**2 - 5*f - 4. Let c(u) = -9*m(u) + 4*z(u). List the prime factors of c(t).
2
Let c(x) = 3 - 2 + x + 4. What are the prime factors of c(4)?
3
Let f(u) = -u**3 + 5*u**2 + 9*u - 15. List the prime factors of f(6).
3
Let w(q) = q**2 - 11*q + 5. Let j be w(11). Suppose -2*s + 4*k + 12 = 0, 1 = -2*k + j. List the prime factors of s.
2, 5
Let k(b) = -103*b + 3. Suppose -3*f = f - 12. Let i be k(f). List the prime factors of ((-4)/6)/(12/i).
17
Let p be (-7)/(-2)*(-32)/(-28). Suppose -p*o + 6 = -2*o. What are the prime factors of o?
3
Suppose 3*v = 74 + 34. Suppose 6 = a + a - 2*i, -2*a = 4*i - v. List the prime factors of a.
2
Suppose 2*s - 65 = 83. List the prime factors of s.
2, 37
Let b be ((-1)/(-3))/(2/12). Suppose -2*p + 2 + b = 0. What are the prime factors of p?
2
Suppose -3*d - 24 + 102 = 0. Let x = d - 15. List the prime factors of x.
11
Suppose 3*s - 2*u + 0*u = 287, 5*s = 5*u + 470. List the prime factors of s.
3, 11
Let y be (25/(-4))/((-4)/16). Let q = y + -13. Suppose -4 = -4*n + 5*p - p, -4*n = 4*p - q. List the prime factors of n.
2
Suppose -4 = 3*k + 17. Suppose 4*w = -w - 4*i + 90, -2*w = -4*i - 8. Let z = k + w. List the prime factors of z.
7
Suppose 4*w - 3*p - 57 = 2*p, 2*w = 5*p + 31. Suppose 0 = m + 2*i - w, m + 0*i + i = 18. List the prime factors of m.
23
Let m be -1 - (1 + 0 + -17). Let v = 15 + 0. Suppose -v = -4*c - j, 0 = -4*c + 2*c + j + m. List the prime factors of c.
5
Let x be ((-2)/(-8))/((-1)/(-8)). Let f be ((-7)/14)/(x/(-16)). List the prime factors of 14/f + (-2)/(-4).
2
Let f(m) = 7*m - 5. List the prime factors of f(6).
37
Suppose 0 = m - 2*m. Let c be ((m/3)/1)/(-1). List the prime factors of (-4)/(-1)*(2 - c).
2
Let v be 3*(-2 + (-1 - -4)). Suppose 3 + 17 = 5*y + 5*c, 2*y - 33 = v*c. What are the prime factors of y?
3
Let r(m) = 3*m**3 - m**2. Let p be r(1). Suppose d + 5*i + 2 = -p*d, 0 = i + 4. List the prime factors of d/(-1 - 5/(-2)).
2
Let y be -2 + 2 - (1 + -7). Suppose -2*v + k - y = -1, -2*v - 2*k = -10. Let i(o) = o + 12. List the prime factors of i(v).
2, 3
Let b = 176 - 87. List the prime factors of b.
89
Suppose 0 = 3*c - 5*c - 5*f + 30, -c + f = -8. Suppose -p = -0*p + 4. Let q = p + c. What are the prime factors of q?
2, 3
Let c = 316 + -161. List the prime factors of c.
5, 31
Let l(b) = -b**2 + 5*b - 1. Let p = 5 - 1. Let d be l(p). Suppose 5*w - d*u - 72 = 0, 3*w = -4*u + 12 + 8. What are the prime factors of w?
2, 3
What are the prime factors of 6/9 + 328/3?
2, 5, 11
Let j(r) = 4*r + r**3 - 3*r - 3 - 7*r**2 + 4*r. L